 - (0 - -4).
-2
Calculate 1 + 5 - (8 - (-2 - -8)).
4
Evaluate 13 - (5 - 6) - 8.
6
1 + 4 - (66 - 61)
0
What is 4 + (-3 - -7) + -6?
2
4 - (4 + 0) - (0 + -3)
3
What is -13 + 7 - (0 - 6)?
0
55 - 45 - (6 - 2)
6
8 - (1 + 3 + -1)
5
Calculate 0 - (6 - -1) - -12.
5
(0 - (8 - -9)) + 11
-6
7 - (-1 + -1 + 7)
2
What is 0 + 0 - (34 - 30)?
-4
4 + (-2 + 3 - (5 - 1))
1
Calculate 0 + -4 + 7 + 1 + -1.
3
1 + (-7 - -6) + (-1 - -1)
0
Evaluate -8 + 13 + -13 + 12.
4
What is the value of 1 - 2 - 9 - -9?
-1
What is -8 - ((7 - 8) + -8)?
1
Evaluate 5 + (7 - (15 - (1 - -5))).
3
Calculate -7 + (5 - 3) + (-1 - -3).
-3
0 + 3 + -6 + -3 + 11
5
Calculate 1 + 4 + -9 - 1.
-5
Calculate -1 + (2 - 12) + (3 - -4).
-4
Evaluate (3 - (-7 - -10)) + 12 - 4.
8
What is the value of 10 + 4 + -11 - (11 - 2)?
-6
Evaluate 2 - 3 - -1 - -1.
1
7 - 1 - (7 + 2)
-3
What is 9 + (-9 - 6) + -1?
-7
What is the value of (3 - 3 - -1) + -3?
-2
Evaluate -5 + 4 - (-8 + 15).
-8
What is the value of 2 + 6 + -3 - 0?
5
6 + 2 + -3 + 2 + -4
3
Calculate -4 - ((-3 - (0 + -5)) + -6).
0
What is (2 - (4 - 1)) + (0 - -8)?
7
10 + (-4 - 7 - -2)
1
Evaluate (3 - 3) + (0 - -6).
6
What is the value of (-6 - (-6 + 0)) + 5?
5
Evaluate 5 + (0 - 5) + -2 + 1.
-1
Evaluate -4 + 4 + (6 - (3 + 6)).
-3
Evaluate (-6 - (0 - 5)) + 0 + 4.
3
Calculate 4 - (-5 - -6 - (4 - 4)).
3
Evaluate 4 + (-10 - -3) - -1.
-2
Calculate (3 - (1 - -1)) + -4 + 7.
4
What is the value of (-20 - (21 + -44)) + (-11 - 0)?
-8
What is the value of (1 - -1) + -2 + -8 + 5?
-3
What is the value of (-2 + -5 + 10 - 0) + -4?
-1
What is 2 + -6 + 3 - (3 - 1)?
-3
What is 10 - 10 - (1 - 0)?
-1
7 + 2 - (-1 - -10)
0
Evaluate -5 - (-1 + (-1 - -1)).
-4
What is (-10 + 15 - 9) + 6?
2
Calculate -8 + 19 - (5 - (-6 + 8)).
8
-2 + (-4 - (-7 + 2 - -1))
-2
Calculate (-11 - -1) + 89 + -83.
-4
Calculate (1 - -6) + -33 + 31.
5
What is the value of (1 - -1) + 1 + (-23 - -24)?
4
Calculate -3 + (4 - 3 - 1).
-3
What is the value of 1 + 3 + 6 + -12?
-2
Calculate 10 - (12 + -1 + -7).
6
What is the value of -3 - ((0 - -3) + 9 + -10)?
-5
Calculate 0 - (-10 + 5 + 1).
4
(-12 - -14) + 6 - 11
-3
Calculate (0 + -7 - -5) + 4.
2
(4 - (0 - -5)) + -2 - -5
2
What is 3 + -4 - -4 - 0?
3
What is the value of -2 + 9 - (-17 - -22)?
2
What is -21 - ((17 - 6) + -22)?
-10
Calculate (396 - 390) + (2 - 1 - -1).
8
What is the value of 2 + 0 + (2 + -5 - -2)?
1
Calculate (-7 - 1) + (6 - (3 - 2)).
-3
Evaluate 0 + 2 - (-3 - -8 - 7).
4
-3 + 8 + -5 + -2 + 4
2
What is the value of 5 + (-3 - -4 - 3)?
3
Calculate 22 + -23 + -1 + 3.
1
(4 - 2 - 0) + -2
0
(1 - 4) + (-5 - (-2 - 3))
-3
Evaluate -4 + -1 + (6 - 5) + 2.
-2
Calculate -3 + 4 + -4 + 2 + 4.
3
Calculate (3 - 8) + (5 - (2 - -2)).
-4
What is -1 - (4 - (9 + -5))?
-1
Evaluate 2 - 1 - -1 - 3.
-1
What is the value of 3 + (4 - 4) - (-1 + 0)?
4
Calculate 0 + (3 - (8 + -4)) + 7.
6
-5 - (-11 - (7 + -8))
5
Calculate (-2 - -3) + 2 + (0 - 8).
-5
Calculate 4 - (6 + -1 + (14 - 19)).
4
Evaluate 8 + (-14 - -11) + -11.
-6
What is the value of 0 + 0 - (0 - -2)?
-2
What is -4 + (-10 - 1) + 7?
-8
What is the value of (1 - 1) + 0 - (-8 - -5)?
3
What is the value of -2 - (4 - (14 + -5))?
3
What is the value of (9 - (-2 + (-3 - -3))) + -5?
6
Evaluate (-1 - -7) + (1 - 4) - 8.
-5
-1 + 2 - -1 - -2
4
Evaluate -2 + 9 + 1 + -11.
-3
Calculate -1 + (-1 - -1) + 1 + -3.
-3
Calculate 5 - 6 - 5 - -11.
5
Calculate (0 - -3) + -1 + -13 + 5.
-6
What is -4 + (2 - (4 + -6) - 1)?
-1
(1 - 1) + -4 + (2 - 2)
-4
Evaluate -2 - (1 - -2 - 5) - -1.
1
What is the value of (2 - (-2 + 7)) + -3 + 2?
-4
(0 - 2) + 1 - 3
-4
What is the value of (1 - 4) + (-1 - -4)?
0
What is the value of (3 - -12) + (-17 - -13)?
11
Evaluate -1 + 7 - (4 - -1).
1
Calculate (8 + -2 - (-8 - -14)) + 4.
4
Evaluate 13 - (0 + 12 + -6).
7
Calculate (7 - 11) + 1 - -8 - 6.
-1
What is the value of -6 + 10 + 0 - -1?
5
What is 0 + (6 - (4 - (-3 + 5)))?
4
What is the value of -8 + 4 - 2 - -12?
6
What is the value of 4 - (6 + 2) - -8 - 0?
4
Evaluate (-4 - (-6 + 5)) + 0.
-3
Evaluate 15 + -3 - (10 - 2).
4
Evaluate -10 + (3 + (3 - 4) - -3).
-5
Calculate -154 + 165 + (-7 - 0).
4
-11 + 0 - (0 - 10)
-1
Evaluate -7 - (-19 - (-4 + -6)).
2
4 - (-3 - (-3 - (-2 + 4)))
2
(-7 + 22 - 4) + -2 + -1
8
Evaluate 10 + -12 + 2 + 3.
3
What is 1 - ((2 - 1) + 2)?
-2
Evaluate 3 - (4 + -4 + 1 - 1).
3
Evaluate (-9 - -9) + -3 + 1.
-2
What is the value of 1 - (13 + -13 - (-2 - 1))?
-2
Evaluate 0 + (1 - (5 - 1) - -1).
-2
What is the value of -5 + -1 + 9 + -1?
2
What is -6 + -10 + 5 + 7?
-4
Calculate 2 + -3 - (4 - 12) - 1.
6
-6 + 7 + 5 + -12
-6
What is 0 - (-11 + -6 + 11)?
6
Calculate -6 + -7 + 7 + 0 + 4.
-2
Calculate -9 + 8 - -3 - 8.
-6
Evaluate (2 - -4) + -28 + 13.
-9
What is -8 + 13 + -3 + -4?
-2
Evaluate (0 + 6 - (4 + 1)) + -5.
-4
Calculate 3 - ((2 - 0) + -10 + 12).
-1
What is -2 + (-2 - -2) + (-2 - -3)?
-1
Evaluate 2 - (3 - -3) - -3.
-1
What is (23 - 11 - 5) + (-15 - 0)?
-8
Calculate (0 - 4 - 8) + 7.
-5
Evaluate 0 + -1 + -7 + (2 - -2).
-4
What is the value of -3 + 0 - (-5 - -2)?
0
What is the value of 3 + -6 + 7 + -1?
3
What is the value of 4 - (0 - (7 - 9))?
2
-2 + 1 + 0 - (1 + 0)
-2
Evaluate (-1 - 3) + 2 - (-1 - -4).
-5
Calculate -2 - (5 + -14) - 3.
4
What is the value of -1 - (10 + -11 - -2)?
-2
What is 0 - (-1 + -4 + 2 + 0)?
3
0 + 4 + (2 - 1)
5
What is the value of (-17 - -6) + (6 - -6)?
1
Calculate -1 - (4 + (3 - 4) + -1).
-3
What is the value of (0 + 0 - -5) + -9 + 7?
3
Calculate -33 - -40 - (7 + 0).
0
Calculate -2 - (8 - (-4 + 8)).
-6
25 + -12 + -21 - -6
-2
Calculate 0 - (-1 + -2 - 1).
4
Evaluate (-1 - -1) + -7 + (74 - 68).
-1
(-4 - -1) + (5 - -2)
4
Evaluate (-2 - -2 - 2) + 4.
2
9 + -12 + 7 + -15 - -2
-9
Evaluate -3 + -16 + 18 + -3 + 1.
-3
Evaluate -4 - 1 - (6 - 6).
-5
What is 3 + -2 + (-38 - -41)?
4
Calculate (23 - 7) + -9 + (2 - 4).
5
Calculate -2 + ((-10 - -7) + 0 - 3).
-8
Calculate 6 + -22 + 14 + 3 + 1.
2
-2 + 1 + -2 + 9 + -8
-2
-3 - (-4 - 1 - (-4 + 3))
1
Calculate -21 - -17 - (-7 + -1 + 2).
2
What is the value of 1 + 3 - 12 - -5?
-3
What is -2 + -1 + 4 - (1 - -1)?
-1
What is 0 - (0 - 0 - (-4 - -6))?
2
(1 - -4) + 1 - (115 + -110)
1
What is 1 + -3 + 5 + -9 + 6?
0
What is (2 + (-2 - 0) - -5) + -5?
0
Evaluate 3 + (-11 - (-2 + -1 + 0)).
-5
Evaluate -5 + -8 - (10 - 21).
-2
1 + -4 + (9 + -9 - -6)
3
(8 - 9) + 9 + -5
3
4 + -6 + (-1 - 5 - -2)
-6
Calculate -2 + (-5 - (2 + -4)).
-5
What is the value of -163 - -160 - (-1 - 6)?
4
Evaluate -4 + 5 + 2 + (3 - 1).
5
Evaluate (1 - 10) + 11 + -10.
-8
What is (-4 - 4 - -2) + (1 - -4)?
-1
What is 0 + 1 + 1 - (-2 + 2)?
2
3 + 3 + -7 + 5
4
What is (-24 - -13) + 7 + -2?
-6
-3 + (0 - -4) + -1
0
Calculate 3 + (4 - 12) + 4.
-1
What is the value of -1 - (-4 + 1 + -1 + -2)?
5
-4 + (-7 + 5 - -5)
-1
Evaluate 1 - 6 - (1 + -15).
9
What is (0 - 4) + 2 + -2 + -1?
-5
-3 + (6 + -15 - -15)
3
What is 3 + 0 + -7 - (4 + -11)?
3
Calculate 0 + 0 + -2 + (-2 - -5).
1
13 + 2 + -13 + -11
-9
2 + (3 - (5 - -1)) + 5
4
-3 + -4 + 6 - -2
1
Evaluate (-4 - 0) + (0 - -2).
-2
What is (0 - -5) + (139 - 150)?
-6
What is the value of (7 - (-5 - -5)) + 3 + -4?
6
What is 7 + -10 - (-10 - -2)?
5
What is the value of -4 + 0 + (-2 - -2)?
-4
What is the value of -1 + 0 - (-2 - (3 + 0))?
4
Calculate -26 + 20 - (-5 - -1).
-2
What is (-20 - -1) + (-10 - -24)?
-5
Calculate (-8 - -1 - -1) + (0 - -2).
-4
What is the value of 27 - 21 - (2 + 0)?
4
What is (-1 - 8 - -3) + 3?
-3
Calculate 4 - (2 - 0) - (-2 - 0).
4
Calculate 2 + 8 + 1 - 5.
6
Evaluate (-3 - -4 - (5 + -4)) + 5.
5
3 - (2 + -4 + 5) - -1
1
What is -3 + 5 + 10 + -13?
-1
(-5 - (-4 - -3) - 3) + 3
-4
What is -9 - -1 - (-22 + 12)?
2
What is (8 - (5 - 2 - -2)) + -8?
-5
Calculate 0 + -4 + -1 + 1 + 2.
-2
Calculate -4 - (-6 + 3 + (-1 - -2)).
-2
What is the value of -1 + (2 - 4) + 3 - -2?
2
What is -2 + 2 + -7 - (-3 + -1)?
-3
(0 - 2) + 3 + -3 + 2
0
What is 2 + -3 + 5 + -4?
0
-177 + 169 + (1 - 1)
-8
What is 1 - (9 - (2 - -5))?
-1
Evaluate -3 + 5 + (2 - -2 - 4).
2
Evaluate (-6 + 7 - -9) + -3.
7
What is the value of 1 + -7 + 8 + 6 + -17?
-9
Calculate 1 - (-4 + (4 + -1 - 4)).
6
What is the value of 3 + (0 - 0) + 7 + -5?
5
(-4 - (-6 - -2 - -1)) + 1
0
What is -7 + 11 - (5 + 7)?
-8
Calculate -8 + 7 - (2 + 0) - -4.
1
Evaluate (2 + -2 - 2) + (5 - 6).
-3
7 + (-8 - -1 - (-7 + 4))
3
Calculate (-5 - (-5 - -7)) + 2 + 8.
3
What is the value of -8 - -5 - (-5 + 3 + 